 - 11 - 23)?
-53
(-50 - (-13 - 34)) + -56 + -39
-98
What is the value of -30 - (-35 + 33 + -48)?
20
What is the value of -51 + -2 - (-3 + -1 - (1 + 2 + -4))?
-50
83 + (-88 - -41) + 34
70
What is -6 - 1 - (18 + -2 - (-13 + 8))?
-28
Evaluate 114 + 10 + (-57 - -2).
69
Evaluate -2 + -2 + 22 + (-64 - 23 - (-16 - -24)).
-77
-9 + (-1 - (0 - 4 - 16)) + -86
-76
What is -54 - (-46 + 104 - 111)?
-1
What is the value of (36 - (-5 + 39)) + 23?
25
Evaluate 6 - -12 - (53 + 0 - 2).
-33
What is the value of (-10044 - -10055) + -1 + 2 + -24 + 0 + -1?
-13
-3 + 6 + 10 + 3 + (-33 - -61 - -13)
57
What is the value of (-10 - 19) + 15 - -28?
14
-3 + 0 + (13 - 2) + (0 - 9) + -21
-22
What is (-2 - -4 - (-29 + 40)) + (-71 - -120)?
40
Evaluate 83 + (23 - 65) + -14 + -31.
-4
What is the value of 39 + (-134 - -14) + 39?
-42
What is the value of (-6 - -7) + 24 + -6 + -40 + 16?
-5
What is 13 + -3 + 2 + (3059 - 3092)?
-21
Calculate -64 + 86 + -50 - 9.
-37
What is -10 + 3 - (21 - (29 + 21))?
22
-12 + (-3 - ((34 - 19) + 6))
-36
Calculate (2 - 8) + (21 - 16) + -35 + -25.
-61
What is the value of 277 - 291 - (-5 + -7 + 3)?
-5
-19 + (0 - -11 - (-147 + 143)) - (31 - 1)
-34
What is -2 + 61 + -17 + -27 + 41 + (0 - 9)?
47
Calculate 116 - (4 - -1) - (-6 + (-34 - 3 - -28)).
126
Evaluate (1062 - 1084) + (0 - -127).
105
What is the value of 8 + 22 + (-67 - (-28 - -2))?
-11
0 + -26 + (-12 - 5 - -1)
-42
1 + -42 + (3 - 27 - 7)
-72
9 + ((-67 - (-9 + 8)) + 4 - -10) + 8
-35
What is the value of -12 - -6 - (((2 - -4) + -18 - -6) + 4)?
-4
Evaluate -12 + (39 - (-2 - (-1 + 8) - -16)).
20
Calculate (10 + -17 - (1 - 3)) + (7 - -7) + -20.
-11
What is the value of (-8 + 3 - -2) + 33 + 0?
30
Evaluate (-4 - (-8 - -3) - -8) + 9.
18
12 - ((-29 - (-15 + 6)) + 16)
16
17 + 0 + -4547 + 4476
-54
What is 27 - (3 + 13 - (-163 - -87))?
-65
Evaluate 11 - (-28 + -19 + 131 - (11 + 2 - 0)).
-60
-70 - ((9 - 15) + 17 + 5 + (1 - 15))
-72
Evaluate -40 + (14 - (20 - 48)).
2
Calculate -62 + (-6 - (-129 - -71)).
-10
Calculate 92 - (31 - 52) - 63.
50
Calculate 12 - (38 - 2 - 2 - (1 - -18 - 12)).
-15
Evaluate (-11 - -20) + (13 + (-2 - -1) - -5) - 0.
26
Calculate 41 + 7 - (3 + 13 + -19 - (4 + 6)).
61
What is (-3 - -13 - 1 - (19 + -1 - 7)) + -49?
-51
Evaluate 23 + (-34 - -5) + (6 - (20 + -7)) + 93.
80
-1 + 15 + (2 - 0 - 84) + 12
-56
What is -10 - (-3 + -2 - ((3 - 2) + 3)) - 17?
-18
What is (14 - -1) + -779 + 792?
28
Evaluate (-969 - -862) + (0 - -58).
-49
Evaluate -17 + 14 + (-32 - 7).
-42
-11 + -30 + 34 + -2 + 9
0
-129 + 134 - ((5 - (5 - -7)) + 34)
-22
What is (-25 - (-46 - -8)) + 4 + -1 + 1?
17
-16 - (0 - (5 - (-10 + 0 + 20)))
-21
What is the value of (-13 - -1 - (-29 - 41)) + -23?
35
What is (53 - 19 - 4) + -44?
-14
What is the value of 9 + -11 - (-7 - 16 - -14)?
7
What is the value of (8 - (20 + 5)) + 3 + (71 - -8)?
65
Calculate -3579 + 3662 + (1 - 140).
-56
What is -126 - (112 + -9 + -211)?
-18
-2371 - -2316 - (2 - (4 - 1 - -18))
-36
97 + 128 + -9 + -99
117
Calculate 8 + 19 + (-18 - -12 - 1).
20
What is -59 + 55 + -9 + 34?
21
-19 + (-1 - -2) - (-72 + 40)
14
Evaluate -9 + (-15 - -6) + (5 - 30 - -10 - 6).
-39
What is the value of -9 + -13 + 35 + 3 + 0?
16
Calculate -142 - (-232 - 56) - 113.
33
88 + -9 - 57 - (0 + 102)
-80
(-3 - 0) + (-204 - -208 - (28 + -1))
-26
What is the value of (-595 - -596) + -3 + (-7 - (-4 - 0)) + -60?
-65
14 - (-4 - (1 + -11 + 9 + -8))
9
Evaluate -4 + (4 - -37) - (-424 - -449).
12
What is 71 + -54 - (10 + -53)?
60
Calculate -17 + (3 - -56) + -29.
13
(0 - 0) + (-2 - (-26 - -4)) + -50 + -5
-35
What is -50 + (-1 - -27) + 143 + (-27 - -12)?
104
20 - 7 - (-4 + 8) - -15
24
What is (-125 + 96 - -17) + -52 + -2 + 2?
-64
Calculate -40 - ((16 - -5) + 2 + -6 - 40).
-17
770 - 788 - (-6 - (-2 + 7))
-7
What is -70 - ((-28 - -103) + -144)?
-1
-151 - -33 - -54 - (-21 - 1)
-42
-56 - -103 - 32 - (45 - 2)
-28
What is the value of 1 + -4 + (38 + -110 - -62) + 24?
11
Evaluate 258 + -295 + (-67 - -30).
-74
Calculate (-245 + 225 - (-6 + -1)) + (0 - 19).
-32
Calculate 28 + (-4 - 7 - (14 + -27)).
30
What is (-67 - -143 - 83) + 0 + 10?
3
What is 13 + -34 + 31 + -1 + -42?
-33
Evaluate (4 + -25 - -36 - -24) + -79.
-40
What is 107 - (-29 - -71) - (0 + 7)?
58
Evaluate -240 + (-69 - -185) + 15.
-109
What is (24 - 30) + 40 - (36 - 13)?
11
What is -18 - (-8 + -18 - 42)?
50
What is 25 + -3 + (-59 - (-10 + -7 + 10))?
-30
What is the value of 26 + (-16 + 5 - -4) + 11 + 6 + -11?
25
Evaluate -29 + (-45 + 0 - (-62 + 39)).
-51
93 + (28 + -13 + -4 - (-2 + 14) - 8)
84
What is the value of -9 + 5 + 3 + (-2 - -41) + -21?
17
What is -4 + -74 + (63 - 28 - 4)?
-47
Calculate -134 + (-24 - (-10 + 0 + (-565 - -547))).
-130
What is -62 + -11 + 139 + 0 + 1 + -3?
64
What is the value of -90 + (-26 - -130) - -81?
95
-39 - -39 - (25 - -18)
-43
What is 66 + (14 - 40 - -6)?
46
-10 + 6 + 6 + (18 - 11 - 60)
-51
What is (7 + -33 - -28) + 15 + -9?
8
Evaluate -6 - ((0 - -9 - (-16 - -37)) + -33 + -12).
51
What is the value of -14 + 3 + 34 + -15 + 41 + -8?
41
What is -101 + 62 - -70 - (4 + 94)?
-67
What is the value of -11 - (34 - -77) - -55?
-67
Calculate (-73 - -44) + (-5 - -20) + 20.
6
20 - (0 - ((-3 - -22) + -102))
-63
What is -30 - (188 + -88 + -57)?
-73
What is (-9 - (-7 - 5)) + (-6 - -2 - 1) + -100?
-102
Evaluate 3 - (-58 - -40) - (-27 + -10 + 4).
54
13 + (-12 - 1 - 4) - 8 - -29
17
Evaluate -86 + 7 + 1 - (14 + (7 + 2 - 18)).
-83
What is the value of 1 + 9 + (-312 - -232 - -75)?
5
(26 - 37) + (64 - 2) + -13
38
Evaluate -190 + 208 + (2 - (3 - -60 - 4)).
-39
What is the value of 3 + (-115 + 114 - -61)?
63
Calculate -8 - (-2 - 13 - 3) - -6.
16
(-3 - (1 + 4 + -1)) + 11 + (0 - 4)
0
What is the value of (-26 - (27 - -14)) + -11 + 43?
-35
103 + -82 - (-2 - 21 - -3)
41
(21 + -19 - 39) + 0
-37
What is the value of (-2 - 12 - (53 + -79)) + -18?
-6
What is the value of -9 + -4 + (16 - (7 - 2)) + -6 - -42?
34
Evaluate -270 + 261 + -13 + (11 - 78).
-89
What is the value of (-35 - -11) + 44 - (2 + 28) - (1 + -34)?
23
Calculate -2 + (236 + -220 - (-42 - -3 - -2)).
51
20 + (-18 - 1 - (-693 - -649))
45
Calculate -5 + 114 + -52 - 38.
19
Evaluate 20 + (-50 - (-19 - 36)).
25
25 + -11 + 3 - 7 - 67 - -7 - 0
-50
Evaluate -35 + -21 - (-19 + (-19 - -22)).
-40
What is -46 - -37 - (28 + -14 + -16 - 18)?
11
Calculate 30 + (28 - 32) + -3 + 15.
38
Calculate 22 - (156 + -135 - (6 + 5)).
12
20 + (16 + -2 + 1 - (303 + -297)) + 2
31
-1 + 2 - (-31 - (-19 + 0)) - 0
13
Calculate -68 - (-86 - (-6 - 34)).
-22
Calculate -26 + -25 + 52 + 20 - -76.
97
Evaluate -30 + (51 - 1) - 34.
-14
What is 23 - (30 - (-8 + 26 - 18))?
-7
What is the value of 17 - (20 + (-31 - -50))?
-22
Evaluate 9 - ((-11 + -19 - -9) + 25 - (-30 + 0)).
-25
What is (54 - (13 + 12)) + -31 - 17?
-19
18 - (6 + -16) - (62 + -54)
20
What is the value of (-28 - -49) + -25 - 54?
-58
(0 + -1 - -1) + -13 + (1 - -59)
47
What is -104 - ((-49 - -61) + -38 + 9 + 1)?
-88
What is the value of 16 + 2 - (-4 - (-43 - (21 - 26)))?
-16
Calculate -46 - (-130 + 86) - (-1 + -14 - -1).
12
Calculate -67 + (-2 - (-7 - 0)) - ((-22 - -7) + 21).
-68
What is 26 + (57 - 31 - 64)?
-12
14 - -2 - (-72 - (-8 + -38))
42
Calculate 1893 + -1720 + -111 + 2.
64
Evaluate 3 - (-8 + (-2 - -14) + 10 + -10) - -59.
58
What is 5 - (2 + 2 + (-266 - -200))?
67
Calculate -36 - 0 - (-12 + 16 + -14 + 9).
-35
What is -27 + (-48 - (-77 - 16))?
18
What is (-24 - -55 - 35) + -37 - (6 - (-3 + 4))?
-46
Calculate (-87 - -35 - -40 - -6) + (1 - -57).
52
Evaluate 34 + (31 - 54) + 0 + -5.
6
Evaluate (91 + (14 - 22) - (22 + -8)) + -3.
66
What is the value of -3 - (-80 + (25 - -1) - 20)?
71
What is the value of 213 - (501 + -261) - (0 - 90)?
63
What is 121 + 4 + -24 + 25 + -36?
90
What is the value of (-8 - (-4 - -2)) + -53 + -1 + 4 - 2?
-58
What is -85 - (-14 - 0 - (271 - 262))?
-62
-4 - (0 + -6 + -10 + 13) - (46 - 2)
-45
What is the value of (905 - 881) + (-2 - -2 - (0 + -1)) + 5?
30
What is the value of 2 + -52 + (7 - (-15 + 18 + -8))?
-38
What is the value of -60 + 80 + 11 + 21?
52
67 - 35 - (-21 - (-12 + -10) - 10)
41
What is the value of (-48 - (178 - 213)) + (0 - 0 - -8)?
-5
-3 + (11 - (-14 - -11)) - (2 + 145 - 14)
-122
What is -24 + 3 - ((37 - -76) + -140)?
6
What is the value of (852 - 841 - (4 + 2)) + (1 - -97) - 0?
103
Calculate 2 + 3 + -6 - -6 - ((-37 - -18) + -24).
48
3 + (6 - 